{"id":31,"date":"2014-06-18T15:36:58","date_gmt":"2014-06-18T14:36:58","guid":{"rendered":"http:\/\/www.din-amo.be\/?page_id=31"},"modified":"2024-04-04T15:05:24","modified_gmt":"2024-04-04T14:05:24","slug":"nos-actions","status":"publish","type":"page","link":"https:\/\/www.din-amo.be\/?page_id=31","title":{"rendered":"Nos axes de travail"},"content":{"rendered":"\t\t<div data-elementor-type=\"wp-page\" data-elementor-id=\"31\" class=\"elementor elementor-31\">\n\t\t\t\t<div class=\"elementor-element elementor-element-5ec90b0 e-flex e-con-boxed wpr-particle-no wpr-jarallax-no wpr-parallax-no wpr-sticky-section-no e-con e-parent\" data-id=\"5ec90b0\" data-element_type=\"container\" data-e-type=\"container\">\n\t\t\t\t\t<div class=\"e-con-inner\">\n\t\t\t\t<div class=\"elementor-element elementor-element-463f979 elementor-widget elementor-widget-heading\" data-id=\"463f979\" data-element_type=\"widget\" data-e-type=\"widget\" data-widget_type=\"heading.default\">\n\t\t\t\t<div class=\"elementor-widget-container\">\n\t\t\t\t\t<h2 class=\"elementor-heading-title elementor-size-default\">Nos axes de travail<\/h2>\t\t\t\t<\/div>\n\t\t\t\t<\/div>\n\t\t\t\t\t<\/div>\n\t\t\t\t<\/div>\n\t\t<div class=\"elementor-element elementor-element-4055735 e-flex e-con-boxed wpr-particle-no wpr-jarallax-no wpr-parallax-no wpr-sticky-section-no e-con e-parent\" data-id=\"4055735\" data-element_type=\"container\" data-e-type=\"container\">\n\t\t\t\t\t<div class=\"e-con-inner\">\n\t\t<div class=\"elementor-element elementor-element-7263a7b e-con-full e-flex wpr-particle-no wpr-jarallax-no wpr-parallax-no wpr-sticky-section-no e-con e-child\" data-id=\"7263a7b\" data-element_type=\"container\" data-e-type=\"container\">\n\t\t\t\t<div class=\"elementor-element elementor-element-f222b8a elementor-widget elementor-widget-image\" data-id=\"f222b8a\" data-element_type=\"widget\" data-e-type=\"widget\" data-widget_type=\"image.default\">\n\t\t\t\t<div class=\"elementor-widget-container\">\n\t\t\t\t\t\t\t\t\t\t\t\t\t\t\t<img decoding=\"async\" width=\"150\" height=\"150\" src=\"https:\/\/www.din-amo.be\/wp-content\/uploads\/2023\/12\/Individuel-150x150.png\" class=\"attachment-thumbnail size-thumbnail wp-image-3001\" alt=\"\" srcset=\"https:\/\/www.din-amo.be\/wp-content\/uploads\/2023\/12\/Individuel-150x150.png 150w, https:\/\/www.din-amo.be\/wp-content\/uploads\/2023\/12\/Individuel-300x300.png 300w, https:\/\/www.din-amo.be\/wp-content\/uploads\/2023\/12\/Individuel.png 500w\" sizes=\"(max-width: 150px) 100vw, 150px\" \/>\t\t\t\t\t\t\t\t\t\t\t\t\t\t\t<\/div>\n\t\t\t\t<\/div>\n\t\t\t\t<div class=\"elementor-element elementor-element-c80ea0f elementor-widget elementor-widget-text-editor\" data-id=\"c80ea0f\" data-element_type=\"widget\" data-e-type=\"widget\" data-widget_type=\"text-editor.default\">\n\t\t\t\t<div class=\"elementor-widget-container\">\n\t\t\t\t\t\t\t\t\t<p>Individuel<\/p>\t\t\t\t\t\t\t\t<\/div>\n\t\t\t\t<\/div>\n\t\t\t\t<\/div>\n\t\t<div class=\"elementor-element elementor-element-33f2ab7 e-con-full e-flex wpr-particle-no wpr-jarallax-no wpr-parallax-no wpr-sticky-section-no e-con e-child\" data-id=\"33f2ab7\" data-element_type=\"container\" data-e-type=\"container\">\n\t\t\t\t<div class=\"elementor-element elementor-element-d4293d3 elementor-widget elementor-widget-image\" data-id=\"d4293d3\" data-element_type=\"widget\" data-e-type=\"widget\" data-widget_type=\"image.default\">\n\t\t\t\t<div class=\"elementor-widget-container\">\n\t\t\t\t\t\t\t\t\t\t\t\t\t\t\t<img decoding=\"async\" width=\"150\" height=\"150\" src=\"https:\/\/www.din-amo.be\/wp-content\/uploads\/2023\/12\/Collectif-1-150x150.png\" class=\"attachment-thumbnail size-thumbnail wp-image-3002\" alt=\"\" srcset=\"https:\/\/www.din-amo.be\/wp-content\/uploads\/2023\/12\/Collectif-1-150x150.png 150w, https:\/\/www.din-amo.be\/wp-content\/uploads\/2023\/12\/Collectif-1-300x300.png 300w, https:\/\/www.din-amo.be\/wp-content\/uploads\/2023\/12\/Collectif-1.png 500w\" sizes=\"(max-width: 150px) 100vw, 150px\" \/>\t\t\t\t\t\t\t\t\t\t\t\t\t\t\t<\/div>\n\t\t\t\t<\/div>\n\t\t\t\t<div class=\"elementor-element elementor-element-403d03d elementor-widget elementor-widget-text-editor\" data-id=\"403d03d\" data-element_type=\"widget\" data-e-type=\"widget\" data-widget_type=\"text-editor.default\">\n\t\t\t\t<div class=\"elementor-widget-container\">\n\t\t\t\t\t\t\t\t\t<p>Collectif<\/p>\t\t\t\t\t\t\t\t<\/div>\n\t\t\t\t<\/div>\n\t\t\t\t<\/div>\n\t\t<div class=\"elementor-element elementor-element-f47b701 e-con-full e-flex wpr-particle-no wpr-jarallax-no wpr-parallax-no wpr-sticky-section-no e-con e-child\" data-id=\"f47b701\" data-element_type=\"container\" data-e-type=\"container\">\n\t\t\t\t<div class=\"elementor-element elementor-element-8d2ff06 elementor-widget elementor-widget-image\" data-id=\"8d2ff06\" data-element_type=\"widget\" data-e-type=\"widget\" data-widget_type=\"image.default\">\n\t\t\t\t<div class=\"elementor-widget-container\">\n\t\t\t\t\t\t\t\t\t\t\t\t\t\t\t<img decoding=\"async\" width=\"150\" height=\"150\" src=\"https:\/\/www.din-amo.be\/wp-content\/uploads\/2023\/12\/Communautaire-150x150.png\" class=\"attachment-thumbnail size-thumbnail wp-image-3003\" alt=\"\" srcset=\"https:\/\/www.din-amo.be\/wp-content\/uploads\/2023\/12\/Communautaire-150x150.png 150w, https:\/\/www.din-amo.be\/wp-content\/uploads\/2023\/12\/Communautaire-300x300.png 300w, https:\/\/www.din-amo.be\/wp-content\/uploads\/2023\/12\/Communautaire.png 500w\" sizes=\"(max-width: 150px) 100vw, 150px\" \/>\t\t\t\t\t\t\t\t\t\t\t\t\t\t\t<\/div>\n\t\t\t\t<\/div>\n\t\t\t\t<div class=\"elementor-element elementor-element-85ed742 elementor-widget elementor-widget-text-editor\" data-id=\"85ed742\" data-element_type=\"widget\" data-e-type=\"widget\" data-widget_type=\"text-editor.default\">\n\t\t\t\t<div class=\"elementor-widget-container\">\n\t\t\t\t\t\t\t\t\t<p>Communautaire<\/p>\t\t\t\t\t\t\t\t<\/div>\n\t\t\t\t<\/div>\n\t\t\t\t<\/div>\n\t\t\t\t\t<\/div>\n\t\t\t\t<\/div>\n\t\t<div class=\"elementor-element elementor-element-64e92e24 e-flex e-con-boxed wpr-particle-no wpr-jarallax-no wpr-parallax-no wpr-sticky-section-no e-con e-parent\" data-id=\"64e92e24\" data-element_type=\"container\" data-e-type=\"container\">\n\t\t\t\t\t<div class=\"e-con-inner\">\n\t\t\t\t<div class=\"elementor-element elementor-element-529b0ef elementor-widget elementor-widget-text-editor\" data-id=\"529b0ef\" data-element_type=\"widget\" data-e-type=\"widget\" data-widget_type=\"text-editor.default\">\n\t\t\t\t<div class=\"elementor-widget-container\">\n\t\t\t\t\t\t\t\t\t<p>Trois axes de travail d\u00e9termin\u00e9s par le d\u00e9cret de 1990 nous permettent d\u2019\u00e9laborer nos actions pr\u00e9ventives sur <strong>trois niveaux compl\u00e9mentaires\u00a0: l\u2019individuel, le collectif et le communautaire<br \/><\/strong>Nous envisageons ces axes de travail comme \u00e9tant interd\u00e9pendants.<\/p><p>De cette mani\u00e8re, le travail individuel peut se prolonger ou s\u2019accompagner d\u2019une activit\u00e9 collective, permettant \u00e0 l\u2019individu de prendre une place dans un groupe de pairs.<\/p><p>Le bien-\u00eatre et l\u2019\u00e9panouissement de chacun au sein du collectif est une priorit\u00e9.<br \/>Nous envisageons le groupe comme un soutien pour chaque individu, c\u2019est pourquoi les valeurs de diversit\u00e9, de rythme propre, de respect et de coop\u00e9ration y sont sans cesse \u00e0 l\u2019\u0153uvre.\u00a0 Cet espace peut constituer dans certains cas une sorte de bulle d\u2019air protectrice de l\u2019enfant, lui permettant d\u2019appr\u00e9hender les difficult\u00e9s qu\u2019il rencontre avec plus de recul et de s\u00e9r\u00e9nit\u00e9.<\/p><p>L\u2019axe communautaire constitue la prise en compte d\u2019un environnement proche de l\u2019individu pour y apporter des r\u00e9ponses globales.<br \/>A travers diff\u00e9rentes actions coordonn\u00e9es avec les \u00e9coles, les CPAS, etc., nous travaillons \u00e0 d\u00e9velopper des actions ad\u00e9quates r\u00e9pondant aux probl\u00e9matiques rencontr\u00e9es par une population (ville, village, quartier, classes, \u2026).<br \/>Nous participons \u00e9galement activement \u00e0 diff\u00e9rents \u00ab\u00a0Plans de Coh\u00e9sion Sociale\u00a0\u00bb (PCS), car un travail communautaire passe n\u00e9cessairement par une bonne connaissance du tissu associatif de notre zone d\u2019action.<\/p><p>Plus pr\u00e9cis\u00e9ment :<\/p><h3 class=\"redtext\">L&rsquo;accompagnement individuel\/familial \u2013 gratuit et confidentiel<\/h3><ul><li>Un accompagnement individuel et\/ou familial (\u00e9coute, communication, orientation, \u2026) \u00e0 l\u2019int\u00e9rieur ou \u00e0 l\u2019ext\u00e9rieur du milieu de vie.<\/li><li>un accompagnement social dans diff\u00e9rentes d\u00e9marches administratives, professionnelles ou juridiques.<\/li><li>une information ou une orientation vers des services d\u2019aide sp\u00e9cifique.<\/li><\/ul><h3 class=\"redtext\">L&rsquo;Action Collective<\/h3><ul><li>l\u2019organisation de stages \u00e0 prix d\u00e9mocratiques durant les vacances scolaires.<\/li><li>des animations et interventions dans les \u00e9coles.<\/li><li>des ateliers utilisant des outils tels que le djemb\u00e9, l&rsquo;expression artistique, le sport, etc.<\/li><\/ul><h3 class=\"redtext\">L&rsquo;action Communautaire<\/h3><ul><li>Sur base de constats et de besoins formul\u00e9s, construction de projets de pr\u00e9vention et de sensibilisation qui peuvent prendre la forme d\u2019animations, de stages, d\u2019ateliers divers ou d\u2019outils vid\u00e9o qui serviront \u00e0 des d\u00e9bats.<\/li><li>Interventions dans l\u2019institution scolaire (accompagnement institutionnel, r\u00e9unions avec les professeurs, \u00e9ducateurs, direction\u2026).<\/li><li>Faciliter l\u2019\u00e9mergence de la parole des jeunes vers les Communes et instances diverses (exemple: cr\u00e9ation de maison de jeunes, d\u00e9veloppement d\u2019infrastructures sportives).<\/li><li>D\u00e9velopper des partenariats favorables \u00e0 la construction de projets communs (exemple: focus groupes \u00e0 la rencontre des jeunes pour r\u00e9colter leur avis dans plusieurs communes, mise en place de plateformes qui peuvent d\u00e9boucher sur des actions cibl\u00e9es.<\/li><li>En tenant compte des constats \u00e9mergeants de notre Diagnostic Social Communautaire, faire remonter les probl\u00e9matiques pr\u00e9occupantes \u00e0 un plan plus global et tenter de les faire acc\u00e9der aux agendas politiques afin de servir de levier de changement.<\/li><\/ul><p style=\"text-align: center;\">\u00a0<\/p>\t\t\t\t\t\t\t\t<\/div>\n\t\t\t\t<\/div>\n\t\t\t\t\t<\/div>\n\t\t\t\t<\/div>\n\t\t\t\t<\/div>\n\t\t","protected":false},"excerpt":{"rendered":"<p>Nos axes de travail Individuel Collectif Communautaire Trois axes de travail d\u00e9termin\u00e9s par le d\u00e9cret de 1990 nous permettent d\u2019\u00e9laborer nos actions pr\u00e9ventives sur trois niveaux compl\u00e9mentaires\u00a0: l\u2019individuel, le collectif et le communautaireNous envisageons ces axes de travail comme \u00e9tant interd\u00e9pendants. De cette mani\u00e8re, le travail individuel peut se prolonger ou s\u2019accompagner d\u2019une activit\u00e9 collective, permettant \u00e0 l\u2019individu de prendre une place dans un groupe de pairs. Le bien-\u00eatre et l\u2019\u00e9panouissement de chacun au sein du collectif est une priorit\u00e9.Nous envisageons le groupe comme un soutien pour chaque individu, c\u2019est pourquoi les valeurs de diversit\u00e9, de rythme propre, de respect et de coop\u00e9ration y sont sans cesse \u00e0 l\u2019\u0153uvre.\u00a0 Cet espace peut constituer dans certains cas une sorte de bulle d\u2019air protectrice de l\u2019enfant, lui permettant d\u2019appr\u00e9hender les difficult\u00e9s qu\u2019il rencontre avec plus de recul et de s\u00e9r\u00e9nit\u00e9. L\u2019axe communautaire constitue la prise en compte d\u2019un environnement proche de l\u2019individu pour y apporter des r\u00e9ponses globales.A travers diff\u00e9rentes actions coordonn\u00e9es avec les \u00e9coles, les CPAS, etc., nous travaillons \u00e0 d\u00e9velopper des actions ad\u00e9quates r\u00e9pondant aux probl\u00e9matiques rencontr\u00e9es par une population (ville, village, quartier, classes, \u2026).Nous participons \u00e9galement activement \u00e0 diff\u00e9rents \u00ab\u00a0Plans de Coh\u00e9sion Sociale\u00a0\u00bb (PCS), car un travail communautaire passe n\u00e9cessairement par une bonne connaissance du tissu associatif de notre zone d\u2019action. Plus pr\u00e9cis\u00e9ment : L&rsquo;accompagnement individuel\/familial \u2013 gratuit et confidentiel Un accompagnement individuel et\/ou familial (\u00e9coute, communication, orientation, \u2026) \u00e0 l\u2019int\u00e9rieur ou \u00e0 l\u2019ext\u00e9rieur du milieu de vie. un accompagnement social dans diff\u00e9rentes d\u00e9marches administratives, professionnelles ou juridiques. une information ou une orientation vers des services d\u2019aide sp\u00e9cifique. L&rsquo;Action Collective l\u2019organisation de stages \u00e0 prix d\u00e9mocratiques durant les vacances scolaires. des animations et interventions dans les \u00e9coles. des ateliers utilisant des outils tels que le djemb\u00e9, l&rsquo;expression artistique, le sport, etc. L&rsquo;action Communautaire Sur base de constats et de besoins formul\u00e9s, construction de projets de pr\u00e9vention et de sensibilisation qui peuvent prendre la forme d\u2019animations, de stages, d\u2019ateliers divers ou d\u2019outils vid\u00e9o qui serviront \u00e0 des d\u00e9bats. Interventions dans l\u2019institution scolaire (accompagnement institutionnel, r\u00e9unions avec les professeurs, \u00e9ducateurs, direction\u2026). Faciliter l\u2019\u00e9mergence de la parole des jeunes vers les Communes et instances diverses (exemple: cr\u00e9ation de maison de jeunes, d\u00e9veloppement d\u2019infrastructures sportives). D\u00e9velopper des partenariats favorables \u00e0 la construction de projets communs (exemple: focus groupes \u00e0 la rencontre des jeunes pour r\u00e9colter leur avis dans plusieurs communes, mise en place de plateformes qui peuvent d\u00e9boucher sur des actions cibl\u00e9es. En tenant compte des constats \u00e9mergeants de notre Diagnostic Social Communautaire, faire remonter les probl\u00e9matiques pr\u00e9occupantes \u00e0 un plan plus global et tenter de les faire acc\u00e9der aux agendas politiques afin de servir de levier de changement. \u00a0<\/p>\n","protected":false},"author":1,"featured_media":0,"parent":10,"menu_order":4,"comment_status":"open","ping_status":"open","template":"","meta":{"_eb_attr":"","ocean_post_layout":"","ocean_both_sidebars_style":"","ocean_both_sidebars_content_width":0,"ocean_both_sidebars_sidebars_width":0,"ocean_sidebar":"","ocean_second_sidebar":"","ocean_disable_margins":"enable","ocean_add_body_class":"","ocean_shortcode_before_top_bar":"","ocean_shortcode_after_top_bar":"","ocean_shortcode_before_header":"","ocean_shortcode_after_header":"","ocean_has_shortcode":"","ocean_shortcode_after_title":"","ocean_shortcode_before_footer_widgets":"","ocean_shortcode_after_footer_widgets":"","ocean_shortcode_before_footer_bottom":"","ocean_shortcode_after_footer_bottom":"","ocean_display_top_bar":"default","ocean_display_header":"default","ocean_header_style":"","ocean_center_header_left_menu":"","ocean_custom_header_template":"","ocean_custom_logo":0,"ocean_custom_retina_logo":0,"ocean_custom_logo_max_width":0,"ocean_custom_logo_tablet_max_width":0,"ocean_custom_logo_mobile_max_width":0,"ocean_custom_logo_max_height":0,"ocean_custom_logo_tablet_max_height":0,"ocean_custom_logo_mobile_max_height":0,"ocean_header_custom_menu":"","ocean_menu_typo_font_family":"","ocean_menu_typo_font_subset":"","ocean_menu_typo_font_size":0,"ocean_menu_typo_font_size_tablet":0,"ocean_menu_typo_font_size_mobile":0,"ocean_menu_typo_font_size_unit":"px","ocean_menu_typo_font_weight":"","ocean_menu_typo_font_weight_tablet":"","ocean_menu_typo_font_weight_mobile":"","ocean_menu_typo_transform":"","ocean_menu_typo_transform_tablet":"","ocean_menu_typo_transform_mobile":"","ocean_menu_typo_line_height":0,"ocean_menu_typo_line_height_tablet":0,"ocean_menu_typo_line_height_mobile":0,"ocean_menu_typo_line_height_unit":"","ocean_menu_typo_spacing":0,"ocean_menu_typo_spacing_tablet":0,"ocean_menu_typo_spacing_mobile":0,"ocean_menu_typo_spacing_unit":"","ocean_menu_link_color":"","ocean_menu_link_color_hover":"","ocean_menu_link_color_active":"","ocean_menu_link_background":"","ocean_menu_link_hover_background":"","ocean_menu_link_active_background":"","ocean_menu_social_links_bg":"","ocean_menu_social_hover_links_bg":"","ocean_menu_social_links_color":"","ocean_menu_social_hover_links_color":"","ocean_disable_title":"default","ocean_disable_heading":"default","ocean_post_title":"","ocean_post_subheading":"","ocean_post_title_style":"","ocean_post_title_background_color":"","ocean_post_title_background":0,"ocean_post_title_bg_image_position":"","ocean_post_title_bg_image_attachment":"","ocean_post_title_bg_image_repeat":"","ocean_post_title_bg_image_size":"","ocean_post_title_height":0,"ocean_post_title_bg_overlay":0.5,"ocean_post_title_bg_overlay_color":"","ocean_disable_breadcrumbs":"default","ocean_breadcrumbs_color":"","ocean_breadcrumbs_separator_color":"","ocean_breadcrumbs_links_color":"","ocean_breadcrumbs_links_hover_color":"","ocean_display_footer_widgets":"default","ocean_display_footer_bottom":"default","ocean_custom_footer_template":"","footnotes":""},"class_list":["post-31","page","type-page","status-publish","hentry","entry"],"_links":{"self":[{"href":"https:\/\/www.din-amo.be\/index.php?rest_route=\/wp\/v2\/pages\/31","targetHints":{"allow":["GET"]}}],"collection":[{"href":"https:\/\/www.din-amo.be\/index.php?rest_route=\/wp\/v2\/pages"}],"about":[{"href":"https:\/\/www.din-amo.be\/index.php?rest_route=\/wp\/v2\/types\/page"}],"author":[{"embeddable":true,"href":"https:\/\/www.din-amo.be\/index.php?rest_route=\/wp\/v2\/users\/1"}],"replies":[{"embeddable":true,"href":"https:\/\/www.din-amo.be\/index.php?rest_route=%2Fwp%2Fv2%2Fcomments&post=31"}],"version-history":[{"count":23,"href":"https:\/\/www.din-amo.be\/index.php?rest_route=\/wp\/v2\/pages\/31\/revisions"}],"predecessor-version":[{"id":3523,"href":"https:\/\/www.din-amo.be\/index.php?rest_route=\/wp\/v2\/pages\/31\/revisions\/3523"}],"up":[{"embeddable":true,"href":"https:\/\/www.din-amo.be\/index.php?rest_route=\/wp\/v2\/pages\/10"}],"wp:attachment":[{"href":"https:\/\/www.din-amo.be\/index.php?rest_route=%2Fwp%2Fv2%2Fmedia&parent=31"}],"curies":[{"name":"wp","href":"https:\/\/api.w.org\/{rel}","templated":true}]}}