{"id":29,"date":"2014-06-18T15:36:45","date_gmt":"2014-06-18T14:36:45","guid":{"rendered":"http:\/\/www.din-amo.be\/?page_id=29"},"modified":"2023-12-19T13:43:54","modified_gmt":"2023-12-19T12:43:54","slug":"qui-sommes-nous","status":"publish","type":"page","link":"https:\/\/www.din-amo.be\/?page_id=29","title":{"rendered":"Qui sommes nous ?"},"content":{"rendered":"\t\t<div data-elementor-type=\"wp-page\" data-elementor-id=\"29\" class=\"elementor elementor-29\">\n\t\t\t\t<div class=\"elementor-element elementor-element-47f67611 e-flex e-con-boxed wpr-particle-no wpr-jarallax-no wpr-parallax-no wpr-sticky-section-no e-con e-parent\" data-id=\"47f67611\" data-element_type=\"container\" data-e-type=\"container\">\n\t\t\t\t\t<div class=\"e-con-inner\">\n\t\t\t\t<div class=\"elementor-element elementor-element-de70ff1 elementor-widget elementor-widget-heading\" data-id=\"de70ff1\" data-element_type=\"widget\" data-e-type=\"widget\" data-widget_type=\"heading.default\">\n\t\t\t\t<div class=\"elementor-widget-container\">\n\t\t\t\t\t<h2 class=\"elementor-heading-title elementor-size-default\">Qui sommes-nous ?<\/h2>\t\t\t\t<\/div>\n\t\t\t\t<\/div>\n\t\t\t\t<div class=\"elementor-element elementor-element-c6b2ef7 elementor-widget elementor-widget-image\" data-id=\"c6b2ef7\" data-element_type=\"widget\" data-e-type=\"widget\" data-widget_type=\"image.default\">\n\t\t\t\t<div class=\"elementor-widget-container\">\n\t\t\t\t\t\t\t\t\t\t\t\t\t\t\t<img decoding=\"async\" width=\"150\" height=\"150\" src=\"https:\/\/www.din-amo.be\/wp-content\/uploads\/2023\/12\/Logo-equipe-150x150.png\" class=\"attachment-thumbnail size-thumbnail wp-image-2997\" alt=\"\" srcset=\"https:\/\/www.din-amo.be\/wp-content\/uploads\/2023\/12\/Logo-equipe-150x150.png 150w, https:\/\/www.din-amo.be\/wp-content\/uploads\/2023\/12\/Logo-equipe-300x300.png 300w, https:\/\/www.din-amo.be\/wp-content\/uploads\/2023\/12\/Logo-equipe.png 500w\" sizes=\"(max-width: 150px) 100vw, 150px\" \/>\t\t\t\t\t\t\t\t\t\t\t\t\t\t\t<\/div>\n\t\t\t\t<\/div>\n\t\t\t\t<div class=\"elementor-element elementor-element-7d7cf1ef elementor-widget elementor-widget-text-editor\" data-id=\"7d7cf1ef\" data-element_type=\"widget\" data-e-type=\"widget\" data-widget_type=\"text-editor.default\">\n\t\t\t\t<div class=\"elementor-widget-container\">\n\t\t\t\t\t\t\t\t\t<p><strong>DINAMO<\/strong> est un service d\u2019<strong>A<\/strong>ctions en <strong>M<\/strong>ilieu <strong>O<\/strong>uvert (AMO), agr\u00e9\u00e9 par le secteur de <strong>l\u2019Aide \u00e0 la Jeunesse de la F\u00e9d\u00e9ration Wallonie-Bruxelles <\/strong>depuis 1990.<\/p><p>Nous sommes accessibles <strong>\u00e0 la demande<\/strong> des jeunes ou de leur famille dans leur cadre de vie habituel (domicile, \u00e9cole, quartier,\u2026), dans nos locaux, par t\u00e9l\u00e9phone, par mail ou via notre compte Facebook.<br \/>Nous accompagnons les jeunes jusqu\u2019\u00e0 22 ans.<\/p><p>La mission principale de notre service est la <strong>PREVENTION <\/strong>dans le but de l\u2019\u00e9panouissement des jeunes et de leurs familles dans leur environnement.<br \/>Afin d\u2019atteindre notre mission, nous mettons en place diff\u00e9rentes actions dont les objectifs g\u00e9n\u00e9raux sont\u00a0: l\u2019accompagnement vers l\u2019autonomie, provoquer l\u2019expression, favoriser la communication, \u2026<\/p><p>A travers trois grands axes de travail, nous proposons des actions, animations, ateliers et rencontres dont les th\u00e8mes sont libres ou d\u00e9termin\u00e9s par un \u00ab\u00a0<strong>diagnostic social<\/strong>\u00a0\u00bb.<br \/>Le diagnostic social est un outil qui nous permet de mettre en \u00e9vidence les grandes th\u00e9matiques qui \u00e9mergent de nos pratiques de terrain. \u00a0Nous partons donc des demandes que nous avons re\u00e7ues sur trois ans afin de les regrouper en th\u00e9matiques.<br \/>Ce travail constitue la base de nos projets.<\/p><p>Notre <strong>\u00e9quipe pluridisciplinaire<\/strong> (\u00e9ducateurs, assistants sociaux, psychologue,\u2026) permet une diversit\u00e9 et une ouverture de r\u00e9flexions, d\u2019outils et de pratiques.<br \/>Dans une dynamique de compl\u00e9mentarit\u00e9, nous r\u00e9fl\u00e9chissons, \u00e9laborons et construisons des actions de pr\u00e9vention, afin de r\u00e9pondre le plus pr\u00e9cis\u00e9ment possible aux diff\u00e9rentes demandes.<br \/>Une r\u00e9union d\u2019\u00e9quipe est \u00e9tablie toutes les semaines, afin de prendre en compte chaque demande adress\u00e9e \u00e0 notre service et d\u2019envisager un accompagnement ad\u00e9quat.<\/p><p>Outre les actions propres \u00e0 notre service, le <strong>travail en r\u00e9seau<\/strong> est \u00e9galement pour nous un \u00e9l\u00e9ment important de la pr\u00e9vention.<br \/>La connaissance du tissu associatif de notre zone d\u2019actions permet une prise en charge pr\u00e9ventive plus globale et induit une compl\u00e9mentarit\u00e9 des missions respectives.<\/p><p>DINAMO d\u00e9veloppe principalement ses actions de pr\u00e9vention sur 8 communes de l\u2019arrondissement de Dinant soit : <strong>Beauraing, Bi\u00e8vre, Dinant, Gedinne, Hasti\u00e8re, Houyet , Rochefort et Vresse<\/strong>.<\/p><p><a href=\"http:\/\/www.din-amo.be\/wp-content\/uploads\/2014\/06\/Carte-arrondissement.png\"><img fetchpriority=\"high\" decoding=\"async\" width=\"266\" height=\"300\" class=\"size-medium wp-image-759 aligncenter\" src=\"http:\/\/www.din-amo.be\/wp-content\/uploads\/2014\/06\/Carte-arrondissement-266x300.png\" alt=\"Carte arrondissement\" srcset=\"https:\/\/www.din-amo.be\/wp-content\/uploads\/2014\/06\/Carte-arrondissement-266x300.png 266w, https:\/\/www.din-amo.be\/wp-content\/uploads\/2014\/06\/Carte-arrondissement-600x674.png 600w, https:\/\/www.din-amo.be\/wp-content\/uploads\/2014\/06\/Carte-arrondissement-88x100.png 88w, https:\/\/www.din-amo.be\/wp-content\/uploads\/2014\/06\/Carte-arrondissement.png 779w\" sizes=\"(max-width: 266px) 100vw, 266px\" \/><\/a><\/p><p style=\"text-align: justify;\">Constitu\u00e9 en <strong>A.S.B.L<\/strong>, le Conseil d&rsquo;Administration de DINAMO est compos\u00e9 de :<\/p><ul><li><strong>ARNOULD Michel<\/strong> (Pr\u00e9sident),\u00a0<a href=\"mailto:nm.arnould@skynet.be\"><span style=\"color: #3366ff;\">nm.arnould@skynet.be<\/span><\/a><\/li><li><strong>FIERENS <\/strong><strong>Anne Marie <\/strong>(Secr\u00e9taire),<\/li><li><strong>THERASSE Rudy<\/strong> (Tr\u00e9sorier),<\/li><li><strong>PREUD&rsquo;HOMME <\/strong><strong>Dimitri <\/strong>(Admin.),<\/li><li><strong>GAUKEMA Charles-Henry\u00a0 <\/strong>(Admin.),<\/li><li><strong>LAGNEAUX Marc<\/strong>\u00a0(Admin.),<\/li><li><strong> RONVEAUX <\/strong><strong>Valentin <\/strong>(Admin.).<\/li><\/ul><p><span style=\"text-decoration: underline;\">Assembl\u00e9e G\u00e9n\u00e9rale\u00a0:<\/span><\/p><ul><li><strong>JULIEN Christine<\/strong> (Membre),<\/li><li><strong>VAN DEN BUSCHE Raymonde <\/strong>(Membre),<\/li><li><strong>LEHANSE Medhi <\/strong>(Membre).\u00a0<\/li><\/ul>\t\t\t\t\t\t\t\t<\/div>\n\t\t\t\t<\/div>\n\t\t\t\t\t<\/div>\n\t\t\t\t<\/div>\n\t\t\t\t<\/div>\n\t\t","protected":false},"excerpt":{"rendered":"<p>Qui sommes-nous ? DINAMO est un service d\u2019Actions en Milieu Ouvert (AMO), agr\u00e9\u00e9 par le secteur de l\u2019Aide \u00e0 la Jeunesse de la F\u00e9d\u00e9ration Wallonie-Bruxelles depuis 1990. Nous sommes accessibles \u00e0 la demande des jeunes ou de leur famille dans leur cadre de vie habituel (domicile, \u00e9cole, quartier,\u2026), dans nos locaux, par t\u00e9l\u00e9phone, par mail ou via notre compte Facebook.Nous accompagnons les jeunes jusqu\u2019\u00e0 22 ans. La mission principale de notre service est la PREVENTION dans le but de l\u2019\u00e9panouissement des jeunes et de leurs familles dans leur environnement.Afin d\u2019atteindre notre mission, nous mettons en place diff\u00e9rentes actions dont les objectifs g\u00e9n\u00e9raux sont\u00a0: l\u2019accompagnement vers l\u2019autonomie, provoquer l\u2019expression, favoriser la communication, \u2026 A travers trois grands axes de travail, nous proposons des actions, animations, ateliers et rencontres dont les th\u00e8mes sont libres ou d\u00e9termin\u00e9s par un \u00ab\u00a0diagnostic social\u00a0\u00bb.Le diagnostic social est un outil qui nous permet de mettre en \u00e9vidence les grandes th\u00e9matiques qui \u00e9mergent de nos pratiques de terrain. \u00a0Nous partons donc des demandes que nous avons re\u00e7ues sur trois ans afin de les regrouper en th\u00e9matiques.Ce travail constitue la base de nos projets. Notre \u00e9quipe pluridisciplinaire (\u00e9ducateurs, assistants sociaux, psychologue,\u2026) permet une diversit\u00e9 et une ouverture de r\u00e9flexions, d\u2019outils et de pratiques.Dans une dynamique de compl\u00e9mentarit\u00e9, nous r\u00e9fl\u00e9chissons, \u00e9laborons et construisons des actions de pr\u00e9vention, afin de r\u00e9pondre le plus pr\u00e9cis\u00e9ment possible aux diff\u00e9rentes demandes.Une r\u00e9union d\u2019\u00e9quipe est \u00e9tablie toutes les semaines, afin de prendre en compte chaque demande adress\u00e9e \u00e0 notre service et d\u2019envisager un accompagnement ad\u00e9quat. Outre les actions propres \u00e0 notre service, le travail en r\u00e9seau est \u00e9galement pour nous un \u00e9l\u00e9ment important de la pr\u00e9vention.La connaissance du tissu associatif de notre zone d\u2019actions permet une prise en charge pr\u00e9ventive plus globale et induit une compl\u00e9mentarit\u00e9 des missions respectives. DINAMO d\u00e9veloppe principalement ses actions de pr\u00e9vention sur 8 communes de l\u2019arrondissement de Dinant soit : Beauraing, Bi\u00e8vre, Dinant, Gedinne, Hasti\u00e8re, Houyet , Rochefort et Vresse. Constitu\u00e9 en A.S.B.L, le Conseil d&rsquo;Administration de DINAMO est compos\u00e9 de : ARNOULD Michel (Pr\u00e9sident),\u00a0nm.arnould@skynet.be FIERENS Anne Marie (Secr\u00e9taire), THERASSE Rudy (Tr\u00e9sorier), PREUD&rsquo;HOMME Dimitri (Admin.), GAUKEMA Charles-Henry\u00a0 (Admin.), LAGNEAUX Marc\u00a0(Admin.), RONVEAUX Valentin (Admin.). Assembl\u00e9e G\u00e9n\u00e9rale\u00a0: JULIEN Christine (Membre), VAN DEN BUSCHE Raymonde (Membre), LEHANSE Medhi (Membre).\u00a0<\/p>\n","protected":false},"author":1,"featured_media":0,"parent":10,"menu_order":1,"comment_status":"open","ping_status":"open","template":"","meta":{"_eb_attr":"","ocean_post_layout":"","ocean_both_sidebars_style":"","ocean_both_sidebars_content_width":0,"ocean_both_sidebars_sidebars_width":0,"ocean_sidebar":"","ocean_second_sidebar":"","ocean_disable_margins":"enable","ocean_add_body_class":"","ocean_shortcode_before_top_bar":"","ocean_shortcode_after_top_bar":"","ocean_shortcode_before_header":"","ocean_shortcode_after_header":"","ocean_has_shortcode":"","ocean_shortcode_after_title":"","ocean_shortcode_before_footer_widgets":"","ocean_shortcode_after_footer_widgets":"","ocean_shortcode_before_footer_bottom":"","ocean_shortcode_after_footer_bottom":"","ocean_display_top_bar":"default","ocean_display_header":"default","ocean_header_style":"","ocean_center_header_left_menu":"","ocean_custom_header_template":"","ocean_custom_logo":0,"ocean_custom_retina_logo":0,"ocean_custom_logo_max_width":0,"ocean_custom_logo_tablet_max_width":0,"ocean_custom_logo_mobile_max_width":0,"ocean_custom_logo_max_height":0,"ocean_custom_logo_tablet_max_height":0,"ocean_custom_logo_mobile_max_height":0,"ocean_header_custom_menu":"","ocean_menu_typo_font_family":"","ocean_menu_typo_font_subset":"","ocean_menu_typo_font_size":0,"ocean_menu_typo_font_size_tablet":0,"ocean_menu_typo_font_size_mobile":0,"ocean_menu_typo_font_size_unit":"px","ocean_menu_typo_font_weight":"","ocean_menu_typo_font_weight_tablet":"","ocean_menu_typo_font_weight_mobile":"","ocean_menu_typo_transform":"","ocean_menu_typo_transform_tablet":"","ocean_menu_typo_transform_mobile":"","ocean_menu_typo_line_height":0,"ocean_menu_typo_line_height_tablet":0,"ocean_menu_typo_line_height_mobile":0,"ocean_menu_typo_line_height_unit":"","ocean_menu_typo_spacing":0,"ocean_menu_typo_spacing_tablet":0,"ocean_menu_typo_spacing_mobile":0,"ocean_menu_typo_spacing_unit":"","ocean_menu_link_color":"","ocean_menu_link_color_hover":"","ocean_menu_link_color_active":"","ocean_menu_link_background":"","ocean_menu_link_hover_background":"","ocean_menu_link_active_background":"","ocean_menu_social_links_bg":"","ocean_menu_social_hover_links_bg":"","ocean_menu_social_links_color":"","ocean_menu_social_hover_links_color":"","ocean_disable_title":"default","ocean_disable_heading":"default","ocean_post_title":"","ocean_post_subheading":"","ocean_post_title_style":"","ocean_post_title_background_color":"","ocean_post_title_background":0,"ocean_post_title_bg_image_position":"","ocean_post_title_bg_image_attachment":"","ocean_post_title_bg_image_repeat":"","ocean_post_title_bg_image_size":"","ocean_post_title_height":0,"ocean_post_title_bg_overlay":0.5,"ocean_post_title_bg_overlay_color":"","ocean_disable_breadcrumbs":"default","ocean_breadcrumbs_color":"","ocean_breadcrumbs_separator_color":"","ocean_breadcrumbs_links_color":"","ocean_breadcrumbs_links_hover_color":"","ocean_display_footer_widgets":"default","ocean_display_footer_bottom":"default","ocean_custom_footer_template":"","footnotes":""},"class_list":["post-29","page","type-page","status-publish","hentry","entry"],"_links":{"self":[{"href":"https:\/\/www.din-amo.be\/index.php?rest_route=\/wp\/v2\/pages\/29","targetHints":{"allow":["GET"]}}],"collection":[{"href":"https:\/\/www.din-amo.be\/index.php?rest_route=\/wp\/v2\/pages"}],"about":[{"href":"https:\/\/www.din-amo.be\/index.php?rest_route=\/wp\/v2\/types\/page"}],"author":[{"embeddable":true,"href":"https:\/\/www.din-amo.be\/index.php?rest_route=\/wp\/v2\/users\/1"}],"replies":[{"embeddable":true,"href":"https:\/\/www.din-amo.be\/index.php?rest_route=%2Fwp%2Fv2%2Fcomments&post=29"}],"version-history":[{"count":35,"href":"https:\/\/www.din-amo.be\/index.php?rest_route=\/wp\/v2\/pages\/29\/revisions"}],"predecessor-version":[{"id":3517,"href":"https:\/\/www.din-amo.be\/index.php?rest_route=\/wp\/v2\/pages\/29\/revisions\/3517"}],"up":[{"embeddable":true,"href":"https:\/\/www.din-amo.be\/index.php?rest_route=\/wp\/v2\/pages\/10"}],"wp:attachment":[{"href":"https:\/\/www.din-amo.be\/index.php?rest_route=%2Fwp%2Fv2%2Fmedia&parent=29"}],"curies":[{"name":"wp","href":"https:\/\/api.w.org\/{rel}","templated":true}]}}